u) = -u**3 - 10*u**2 + 9*u + 2. Let t = 38 - 39. Let i(z) = -95*z**3 - z - 1. Calculate the remainder when i(t) is divided by o(-11).
23
Suppose 16*v - 423 = 473. Suppose 4*u = 2*k + 380, -u - 3*k + v = -25. What is the remainder when u is divided by 58?
35
Let o = -3208 + 4639. What is the remainder when o is divided by 24?
15
Suppose 186 = 3*b + 3*d, b - 119 = -3*d - 49. Let j = 100 + -157. Let x = j + 77. Calculate the remainder when b is divided by x.
18
Let h = 52 - 51. What is the remainder when 46 is divided by h*4 + -10 + 17?
2
Suppose 2*l - 3*d = 4446, -195*d = -5*l - 190*d + 11115. Calculate the remainder when l is divided by 106.
103
Suppose 5*q + 1075 = 10*q. Suppose 4*a - 9*a = -q. Calculate the remainder when a is divided by 2/(-7) - (-177)/7.
18
Let b(h) be the second derivative of -2*h**3/3 + 141*h**2/2 + 42*h. Calculate the remainder when 115 is divided by b(28).
28
Let i = -4 - -8. Suppose 23*a - 21*a + 25 = -3*s, -3*a = 2*s + 10. Let r(u) = -3*u - 29. Calculate the remainder when r(s) is divided by i.
0
Let g = 6 - -6. Suppose 0 = 10*f - 8*f - 16. What is the remainder when g is divided by f + (30/40)/(1/(-4))?
2
Suppose -2*a + n = -4*a - 14, 0 = 2*a + 4*n + 8. What is the remainder when 71 is divided by (-263)/(-7) + a/14?
34
Suppose -3*g - 5*m + 1 = -23, -5*m + 9 = -2*g. Let v(t) = 5*t**3 - 6*t**2 + 2*t + 11. Calculate the remainder when v(g) is divided by 28.
14
Suppose -4 + 19 = j. Let i(q) = 10*q**2 - 14*q + 8. Let y be i(1). Suppose j*p = y*p + 220. Calculate the remainder when 39 is divided by p.
19
Calculate the remainder when ((0/(-4))/((-1)/1))/(-2) + 10012 is divided by 17.
16
Suppose -44 = -2*h - 2*z, 4*z - 70 = h - 4*h. Let l = h + 12. Calculate the remainder when l is divided by 8.
6
Suppose i = 4*k - 22 - 2, k + i = 6. Calculate the remainder when ((-13713)/18)/(-7) + 1/k is divided by 26.
5
Suppose 13*a + 21 = -5. What is the remainder when (1/((a + -4)/(-456)))/2 is divided by 27?
11
Suppose -7*d = -30*d + 92. What is the remainder when ((-716)/8)/((-2)/d) - 5 is divided by 25?
24
Suppose -131*g - 11962 = -58860. What is the remainder when g is divided by (25 - 1)/((-6)/(-9))?
34
What is the remainder when ((-54)/(-36))/((-3)/(-8248)) is divided by 94?
82
Let n be ((-2)/(-4))/((-42)/(-168)). Calculate the remainder when ((-12)/((-6)/n))/(1/4) is divided by 4.
0
Let b = 16501 + -16495. What is the remainder when 2369 is divided by b?
5
Calculate the remainder when 120/(-8) - -6 - -1787 is divided by 196.
14
Suppose 2*k - 10 = -3*i, -5*i - 1 + 9 = -k. Let c(v) = -16*v + 6*v - 1 + 14*v**k + 15*v. Calculate the remainder when c(-4) is divided by 34.
33
Let t(d) = -d**3 + d**2 - d + 37. Suppose -755*o = -730*o - 2700. Calculate the remainder when o is divided by t(0).
34
Suppose 26 = 4*a + 6. Suppose a*b + 622 = 3*n, n - 6*n + 3*b + 1058 = 0. Suppose 0 = 5*t - n - 46. What is the remainder when t is divided by 14?
10
Let t = -319 - -319. Suppose 28*r + r - 609 = t. What is the remainder when r is divided by 5?
1
Suppose 5*w - 144 = -2*l, -4 = -5*l + 6. Suppose 3*k = -h + 15, -4*h + k + w = -19. What is the remainder when 105 is divided by h?
9
Let i(h) = -7*h - 16. Let u = -218 + 210. What is the remainder when 139 is divided by i(u)?
19
Let l(a) = -7*a + 14. Let j = 57 - 54. Suppose 4*z + 8 + 0 = 5*w, 0 = j*z + 6. Calculate the remainder when 55 is divided by l(w).
13
Suppose -24*t = -72*t + 864. Let q(c) = -2*c**3 - 2*c**2 - 1. Calculate the remainder when q(-3) is divided by t.
17
Suppose 0 = -r + 3*r - 5*k - 61, -r - 5*k = -68. Let w(t) be the second derivative of 85*t**4/6 + 5*t. What is the remainder when w(1) is divided by r?
41
Let l = 5407 + -4257. Calculate the remainder when l is divided by 16.
14
Suppose 5*c - 2*d = 7991, 3195*c - 2*d = 3200*c - 7999. Calculate the remainder when 3212 is divided by c.
14
Let x(d) = -2 - d + 7 - 2*d. Let u = 10832 + -10833. What is the remainder when 38 is divided by x(u)?
6
Suppose -2*g = -3*v - 3790, -2*v + 6367 = 4*g - 1261. Calculate the remainder when g is divided by 15.
14
What is the remainder when 1923 + (-585)/(-104) + 9/24 + 5 is divided by 8?
6
Let p = -10 + 100. Suppose t = 7*l - 10*l + 28, -7*t = 4*l - 145. What is the remainder when p is divided by t?
14
Suppose -8*k = -2*k - 18. Suppose 2*a + 0*s = -2*s + 92, 56 = a + k*s. Calculate the remainder when a is divided by 5/(-10) - 552/(-48).
8
Let g = 333 - 50. Suppose 2*l - 7 + g = 2*j, 276 = 2*j + 5*l. What is the remainder when j is divided by 10?
8
Suppose -22*x + 23*x = 101. Suppose -250 = 91*u - x*u. What is the remainder when 63 is divided by u?
13
Let j(b) = 2*b**3 - 2*b**2 - 6*b + 2. Let r = -42 + 45. Let a = -66 + 102. Calculate the remainder when a is divided by j(r).
16
Suppose -9*v + 8037 - 1323 = 0. Let p = v + -600. Calculate the remainder when p is divided by 25.
21
Let a(z) = -71*z**3 + z**2 - 1. Let u(x) = x**2 + 11*x + 17. Let y be u(-9). Let r be a(y). Let h = -12 + r. Calculate the remainder when h is divided by 20.
19
Suppose 8162 = -220*r + 242*r. Calculate the remainder when r is divided by 63.
56
Let q = -86 - 283. Let t = 630 + q. What is the remainder when t is divided by 44?
41
Suppose -s + 26 - 8 = 0. Let c be (2 - 15)*-3 - -2. Let g = c - s. What is the remainder when 112 is divided by g?
20
Suppose 30 - 48 = -18*w. What is the remainder when -46*(-3)/(-18)*(w - 7) is divided by 44?
2
Suppose 0 = 2*b + 5*p - 16 - 14, -p + 29 = 5*b. Calculate the remainder when 208 is divided by b - (-3 + -93)/6.
19
Let p(j) = -585*j - 8151. Let x be 2/(-3)*1473/(-2). Let c = x - 338. What is the remainder when c is divided by p(-14)?
36
Suppose -4*v = -2*h + v + 97, -4*h - 4*v + 124 = 0. Suppose 0 = -12*g + 62 - 1 - 13. Calculate the remainder when h is divided by g.
0
Let i = 2 - -9. Suppose -7 = -2*v - l, 4*v + 2*l + i = 5*v. Suppose p + v*p - 312 = 0. What is the remainder when p is divided by 18?
16
Suppose 48477 = 130*p - 36150 - 89183. What is the remainder when p is divided by 89?
2
Suppose 7*a + 168 = 10*a. Let h = 86 + 12. Let m = -83 + h. What is the remainder when a is divided by m?
11
Let o be ((-6)/(-4))/(2/24*2). Let y be o/15 - (-643)/(-5). Calculate the remainder when 93 is divided by (-3)/((-18)/y)*(-3)/2.
29
Suppose -3*f - 20 = -8*f. Suppose 4*y - 5*p = 456, 3*y = -y + f*p + 456. What is the remainder when y is divided by 29?
27
Suppose -c = n - 36, -4*n - 579*c + 576*c = -138. Calculate the remainder when 1064 is divided by n.
14
Let y = -119 - -86. Suppose -5*j = 25, 0*q - 2*j = 2*q - 126. Let t = q + y. Calculate the remainder when 136 is divided by t.
31
What is the remainder when (-9 - (-1 - -1))/(3/(-219)) is divided by 15?
12
Let j = -366 - -369. Suppose -j*a = -z - 30, 0*a + 27 = 3*a - 2*z. What is the remainder when 94 is divided by a?
6
Suppose 0 = g - 2*g + 2*f + 51, -2*g + 75 = 5*f. Let u = 76 - g. Let k(y) = -3*y - 10. What is the remainder when u is divided by k(-7)?
9
Suppose -12*h + 15*h + 77 = 4*x, 3*x - 4*h = 49. Calculate the remainder when 104 is divided by x.
12
Suppose -15*v = -7*v - 304. Suppose -70 = -r + 5*z, -3*z - 157 = -4*r + v. What is the remainder when r is divided by 11?
1
Suppose 4*w + 2*d - 138 = 0, 26*d - 133 = -4*w + 23*d. Let p be (-3)/(-9) - 13/3. Let t(j) = -2*j + 5. What is the remainder when w is divided by t(p)?
11
Let j(a) = a**3 - 16*a**2 + a + 18. Let r = -46 + 62. Let c = 18 - 11. Calculate the remainder when j(r) is divided by c.
6
Let i(g) = g**2 - 3*g - 3. Let p be i(4). Let c(k) = 144*k - 2. Let y be c(p). Calculate the remainder when (-3 - (1 + -4)) + y is divided by 29.
26
Let j(n) = -57*n + 1. Suppose -3*q - 11 + 8 = 0. Let m be j(q). Let g = 75 - m. What is the remainder when g is divided by 9?
8
Suppose 508*v = 472*v + 108. Let c(p) = -p**3. Let d be c(0). Suppose -v*n - a + 51 = -4*a, d = n + a - 7. What is the remainder when 30 is divided by n?
6
Let a be (5/((-30)/(-9)))/(24/32). Suppose -35 = -3*j - p + 3*p, 5*p + 5 = a*j. Calculate the remainder when j is divided by 9.
6
Suppose 12162 + 4264 = 43*h. Calculate the remainder when h is divided by 48.
46
Let k(z) = 2*z**3 + 13*z**2 - 102*z + 175. What is the remainder when k(6) is divided by 110?
23
Let m(k) = -k**2 - k + 95. Let o(y) = 7*y + 12*y + 54 - y - 73 + 26*y